+ (-1542)/(-42). What are the prime factors of d + (-1 - 0) + 5?
41
Suppose 0 = -13*s + 12*s + 278. List the prime factors of s.
2, 139
Let i(u) = 40*u + 40. Let o be i(7). Let n = 526 - o. What are the prime factors of n?
2, 103
What are the prime factors of 3/(114/4) - (-141234)/114?
3, 7, 59
Let d(q) = -6 + 13*q + 0 - 6. What are the prime factors of d(12)?
2, 3
Let w(p) = 2 - 4*p**2 + 4*p**2 - p - 2*p**3 - 3*p**3. Let h be w(1). List the prime factors of (-1)/(-4) - 23/h.
2, 3
Let m(y) = y**3 + 3*y**2 - 3*y + 3. Let g be m(-4). Let t(d) = 129*d**2 - d - 1. List the prime factors of t(g).
3, 43
Let g(o) = o + 243. List the prime factors of g(-15).
2, 3, 19
Let m be (-2)/(-12) + (-40)/(-48). What are the prime factors of ((-6)/(-10) + m)*10?
2
What are the prime factors of 6883/9 - (224/126 + -2)?
3, 5, 17
List the prime factors of 1*8/36 + 8768/72.
2, 61
Suppose -42 = 4*g - 5*r, 0*r - r = -g - 11. Let o = 23 + g. Suppose -15*x + o*x + 80 = 0. List the prime factors of x.
2
Suppose 0 = 98*p - 103*p + 3665. What are the prime factors of p?
733
Suppose 5*c - 2233 = -3*m, -c - 127 = -2*m - 584. List the prime factors of c.
449
What are the prime factors of 1093 - (1/4)/(29/(-232))?
3, 5, 73
Let d(q) = 53*q**2 - 4*q - 3. Let r = -4 + 3. List the prime factors of d(r).
2, 3
What are the prime factors of (-3880)/(-3) - ((-4)/3)/(-4)?
3, 431
Let n(l) = -8*l**3 + 17*l**2 - 12*l + 21. Let h(x) = -x**3 - x + 1. Let m(a) = -6*h(a) + n(a). What are the prime factors of m(8)?
31
Let h(x) be the second derivative of -3*x + 13/6*x**3 + 1/2*x**2 + 0. List the prime factors of h(1).
2, 7
Suppose 0 = 4*o - 9*o + 10. Suppose 2*j - 22 = -2*n + o, -2*n - 3*j + 21 = 0. List the prime factors of n.
3, 5
Suppose -183 = -4*o + 8*o + 5*m, 0 = o + m + 46. Let w = o - -84. List the prime factors of w.
37
Let d(y) = 4*y + 4. Let b be d(0). Let x(u) = 54*u + 22. List the prime factors of x(b).
2, 7, 17
Suppose -16 = s + 3*s, 0 = -2*d + 5*s - 6. Let m(h) be the first derivative of h**2/2 + 28*h + 1. List the prime factors of m(d).
3, 5
Let c be 878/(-10) + 16/20. Let p = c - -135. Suppose 0 = -b + 1, p = i + 4*b + 15. List the prime factors of i.
29
Let z = 808 - -717. What are the prime factors of z?
5, 61
Suppose -2*m - 13*m = -21630. List the prime factors of m.
2, 7, 103
Let i(d) = -3*d + 29. Let h be i(9). Suppose h*q + 27 = 133. What are the prime factors of q?
53
Let y(c) = 2*c**3 - 25*c**2 - 12*c - 8. Let f be y(13). Suppose -2*a + 706 = 10*l - 6*l, f*a - 533 = -3*l. List the prime factors of l.
2, 11
Let b(q) = -3*q + 46. Let j = -25 + 25. List the prime factors of b(j).
2, 23
Suppose 303*i = 318*i - 66000. What are the prime factors of i?
2, 5, 11
What are the prime factors of (-8 - 28/(-7)) + 101?
97
Let a(b) = b**3 + 7*b**2 - 6*b + 5. Let n be a(4). Let h = n - 82. List the prime factors of h.
3, 5
Let l(c) = 134*c - 1. List the prime factors of l(3).
401
Let p = 171 - 15. Suppose h - 5 = 5*d, d - 15 = -3*h - 16. Suppose 4*k + 2*o - 156 = h, 6*o = 4*k + 3*o - p. What are the prime factors of k?
3, 13
Let p be 10534/22 - -1 - 2/(-11). Suppose -1768 + p = -14*b. List the prime factors of b.
2, 23
Let k = 1812 - 835. What are the prime factors of k?
977
Let s = -33 + 41. Suppose 5*a = 22 + s. Suppose -3*x + a*x = 96. List the prime factors of x.
2
Let x = -66 - -295. What are the prime factors of x?
229
Suppose i - 4*z - 18 = 0, 2*i + 17 = -5*z + 1. Suppose i*k = -29 - 41. What are the prime factors of 2/(-5) - 889/k?
5
List the prime factors of (825 + -21)*(-1 - -3).
2, 3, 67
What are the prime factors of -30 + 1113 - (-2 - -2)?
3, 19
Let j(k) = 9*k**2 - 50*k - 135. What are the prime factors of j(-11)?
2, 47
Let p(b) = -b**2 - 6. Let m be p(-7). Let y = -26 - m. What are the prime factors of y?
29
Let f(s) = -7*s + 54. Let a(c) = 3*c - 27. Let y(p) = -5*a(p) - 3*f(p). List the prime factors of y(9).
3
Let x(t) = -t**3 + 8*t**2 - 8*t. Let u be x(6). Suppose -2 = -s + 3, -r = 2*s - u. Suppose 0*v = v - r. What are the prime factors of v?
2, 7
Suppose -330*r = -335*r + 1930. List the prime factors of r.
2, 193
Let g = -56 - -61. Suppose 175 = g*h - 5. What are the prime factors of h?
2, 3
Let n(y) = 3*y - 20. Let x be n(8). Suppose s = -x*l + 757, -2*l - 4*s + 3*s + 377 = 0. What are the prime factors of l?
2, 5, 19
Let z be -3 + -1 + 3 + 4. Suppose 0 = -z*u - 3*u + 276. What are the prime factors of u?
2, 23
Let j(r) = r**3 + r**2 - 31*r + 2467. What are the prime factors of j(0)?
2467
Let g(d) = d**2 - 7*d + 2. Suppose -a = -20 + 6. Let l = -7 + a. What are the prime factors of g(l)?
2
Let q(g) = -4 - 12*g - 8*g**2 - 9*g**2 + 0*g**3 + g**3. What are the prime factors of q(18)?
2, 13
Suppose 4*v = 4*q - 4, 3*v + 0 = 5*q + 1. Let c be q/3 + 368/(-6). Let j = -41 - c. What are the prime factors of j?
3, 7
Suppose 0 = -248*a + 260*a - 2568. What are the prime factors of a?
2, 107
Let d = 50 + -48. Suppose 9*p = -3*r + 4*p + 612, 3*r = -d*p + 621. List the prime factors of r.
11, 19
Let d be (105/42)/(2/8). Suppose -4*t = -6*t + d. What are the prime factors of t?
5
Let s = -60 + 96. Suppose -s*b - 800 = -44*b. List the prime factors of b.
2, 5
Let j = 5053 - 2713. What are the prime factors of j?
2, 3, 5, 13
Suppose -4*d - 6 - 18 = 0. List the prime factors of (3914/(-114))/((4/d)/2).
103
Suppose 4*b - 3 = 13, 0 = 5*q + b - 1509. List the prime factors of q.
7, 43
Let z = -303 - -281. Let y = -1 - -8. Let k = y - z. List the prime factors of k.
29
Suppose 4*b = p - 31 + 11, b - 4 = -2*p. What are the prime factors of -3 - ((-4)/6)/(b/(-894))?
2, 73
Suppose 2*z - 4*n + 2 = 0, -n - 9 = 4*z - 32. Suppose -2*a + 3*u = -z*a + 45, -96 = -5*a + 2*u. What are the prime factors of a?
2, 3
Let d be 396/(-21)*14/(-4). Suppose -d = -p - 2*p. What are the prime factors of p?
2, 11
Suppose 6*g = g. Suppose 4*o + 5*p - 269 = g, -2*p = -5*o - 0*p + 361. List the prime factors of o.
71
Let i(z) = z**3 - 4*z**2 + 2*z + 3. Let v be i(3). Suppose v = 4*c + c. Suppose -2*l = 3*k - 48, 0 = 5*k - c - 10. List the prime factors of l.
3, 7
Let c(y) = -y**2 + 16*y + 7. Let j be c(9). Let r = 92 - j. List the prime factors of r.
2, 11
Let u(r) = -26*r + 39. Let w be (-14)/8 + 6/8. Let b(m) = m - 1. Let l(d) = w*u(d) - 13*b(d). What are the prime factors of l(8)?
2, 3, 13
Let f(n) = n - 8. Let d be f(11). Suppose 26 = c - 3*y + d, -2*y + 43 = c. Let w = -18 + c. What are the prime factors of w?
17
Suppose -w - 5 + 8 = 0. Suppose 4*t = 5*z - 62, -4*t + w*t = 2*z - 17. Let i = z - 0. List the prime factors of i.
2, 5
Let a(q) = q - 1. Let x(d) = -d**3 + 11*d**2 + 16*d - 2. Let o(u) = 6*a(u) - x(u). Let k be o(12). List the prime factors of 32/k*(18 + -3).
2, 3
Suppose -1512 = -11*r + 5*r. Suppose 4*m = r + 324. Suppose n = 5*p - m, 3*p + 5*n = 4*p - 48. What are the prime factors of p?
2, 7
Let u be (-15)/9 - 2/6. What are the prime factors of (u/2)/((4/(-59))/4)?
59
Let u(m) be the second derivative of 179*m**5/20 + m**4/6 - m**3/6 - 41*m. What are the prime factors of u(1)?
2, 3, 5
Suppose 699 = 4*w - 3*d, 5*d - 15 = -0*d. What are the prime factors of w?
3, 59
Let w(u) = -u**3 + 6*u**2 + 3*u - 12. Let x be w(6). Let k be (-3)/2*(-16)/x. What are the prime factors of 7 - k - (-128)/2?
67
Suppose 0 = 4*z + 5*r - 43, 3*z - 37 = -0*r + r. List the prime factors of 37 - z/4 - 2.
2
List the prime factors of (-130)/(((-88)/36)/11).
3, 5, 13
Let i be 1/4 - 70/(-8). Let v be (-3)/i + 1/3. Suppose -x + 22 = -t, v = 3*t - t - 8. What are the prime factors of x?
2, 13
Suppose -5*j + 1577 = -j - m, 3*j + 5*m = 1200. What are the prime factors of j?
5, 79
Suppose -2 = -n + 3*n. What are the prime factors of 98/6 + n/3?
2
List the prime factors of (-3 - -2554 - (-5 + 9)) + -1.
2, 19, 67
Suppose 0 = -4*y + 2*o + 1679 + 1439, 4*y - 3*o = 3117. What are the prime factors of y?
2, 3, 5, 13
Let b be (1/(-3))/(7/(-63)). Suppose d - 13 = -b*o + 84, 163 = 5*o + 2*d. What are the prime factors of o?
31
Suppose -4*g + 20 = 6*g. List the prime factors of g*(30/4 - -1).
17
Let r(p) be the first derivative of p**4/4 - 4*p**3/3 - 3*p**2/2 - 3*p + 1. Let a be 3/33 - (3 - (-174)/(-22)). What are the prime factors of r(a)?
7
Let k(j) = 80*j**2 + 15*j - 2. What are the prime factors of k(-3)?
673
Let d = 43 - 52. Let t(